{"id":138,"date":"2020-04-15T17:57:41","date_gmt":"2020-04-15T15:57:41","guid":{"rendered":"http:\/\/chrysalid.bzh\/?page_id=138"},"modified":"2025-06-30T11:44:18","modified_gmt":"2025-06-30T09:44:18","slug":"particuliers","status":"publish","type":"page","link":"https:\/\/chrysalid.bzh\/index.php\/particuliers\/","title":{"rendered":"Particuliers"},"content":{"rendered":"\n<p>Je masse \u00e0 la <strong>s\u00e9ance<\/strong> ou avec <strong>abonnement mensuel<\/strong>.<\/p>\n\n\n\n<p>Mes cartes cadeaux sont <strong>valables <\/strong>6 mois ce qui vous permet de pouvoir \u00e9galement l&#8217;offrir \u00e0 une personne \u00e9loign\u00e9e.<\/p>\n\n\n\n<p>Le temps choisi de votre pause bien-\u00eatre correspond au temps \u00e0 \u00eatre mass\u00e9. Pr\u00e9voyez donc un temps suppl\u00e9mentaire offert pour l&#8217;accueil et les \u00e0-c\u00f4t\u00e9s.<\/p>\n","protected":false},"excerpt":{"rendered":"<p>Je masse \u00e0 la s\u00e9ance ou avec abonnement mensuel. Mes cartes cadeaux sont valables 6 mois ce qui vous permet de pouvoir \u00e9galement l&#8217;offrir \u00e0 une personne \u00e9loign\u00e9e. Le temps choisi de votre pause bien-\u00eatre correspond au temps \u00e0 \u00eatre mass\u00e9. Pr\u00e9voyez donc un temps suppl\u00e9mentaire offert pour l&#8217;accueil et les \u00e0-c\u00f4t\u00e9s.<\/p>\n","protected":false},"author":1,"featured_media":139,"parent":0,"menu_order":0,"comment_status":"closed","ping_status":"closed","template":"","meta":{"footnotes":""},"_links":{"self":[{"href":"https:\/\/chrysalid.bzh\/index.php\/wp-json\/wp\/v2\/pages\/138"}],"collection":[{"href":"https:\/\/chrysalid.bzh\/index.php\/wp-json\/wp\/v2\/pages"}],"about":[{"href":"https:\/\/chrysalid.bzh\/index.php\/wp-json\/wp\/v2\/types\/page"}],"author":[{"embeddable":true,"href":"https:\/\/chrysalid.bzh\/index.php\/wp-json\/wp\/v2\/users\/1"}],"replies":[{"embeddable":true,"href":"https:\/\/chrysalid.bzh\/index.php\/wp-json\/wp\/v2\/comments?post=138"}],"version-history":[{"count":4,"href":"https:\/\/chrysalid.bzh\/index.php\/wp-json\/wp\/v2\/pages\/138\/revisions"}],"predecessor-version":[{"id":197,"href":"https:\/\/chrysalid.bzh\/index.php\/wp-json\/wp\/v2\/pages\/138\/revisions\/197"}],"wp:featuredmedia":[{"embeddable":true,"href":"https:\/\/chrysalid.bzh\/index.php\/wp-json\/wp\/v2\/media\/139"}],"wp:attachment":[{"href":"https:\/\/chrysalid.bzh\/index.php\/wp-json\/wp\/v2\/media?parent=138"}],"curies":[{"name":"wp","href":"https:\/\/api.w.org\/{rel}","templated":true}]}}