{"id":141,"date":"2020-04-15T17:58:35","date_gmt":"2020-04-15T15:58:35","guid":{"rendered":"http:\/\/chrysalid.bzh\/?page_id=141"},"modified":"2020-04-15T18:26:35","modified_gmt":"2020-04-15T16:26:35","slug":"professionnels","status":"publish","type":"page","link":"https:\/\/chrysalid.bzh\/index.php\/professionnels\/","title":{"rendered":"Professionnels"},"content":{"rendered":"\n<p>Je vous propose de <strong>prendre soin de vous et de vos employ\u00e9s<\/strong>.<\/p>\n\n\n\n<p>D&#8217;\u00eatre dans la <strong>pr\u00e9vention<\/strong> du stress, des douleurs li\u00e9es aux postures au travail.<\/p>\n\n\n<p>Proposition d&#8217;un massage d&#8217;une demi-heure (investissement) :<\/p>\n<ul>\n<li style=\"list-style-type: none;\">\n<ul>\n<li><strong><em>20 \u20ac par l&#8217;employeur<\/em><\/strong><\/li>\n<li><strong><em>20 \u20ac par l&#8217;employ\u00e9<\/em><\/strong>.<\/li>\n<\/ul>\n<\/li>\n<\/ul>\n\n\n<p>Contactez-moi pour plus de renseignements.<\/p>\n\n\n\n<div class=\"wp-block-group is-layout-flow wp-block-group-is-layout-flow\"><div class=\"wp-block-group__inner-container\"><\/div><\/div>\n","protected":false},"excerpt":{"rendered":"<p>Je vous propose de prendre soin de vous et de vos employ\u00e9s. D&#8217;\u00eatre dans la pr\u00e9vention du stress, des douleurs li\u00e9es aux postures au travail. Proposition d&#8217;un massage d&#8217;une demi-heure (investissement) : 20 \u20ac par l&#8217;employeur 20 \u20ac par l&#8217;employ\u00e9. Contactez-moi pour plus de renseignements.<\/p>\n","protected":false},"author":1,"featured_media":39,"parent":0,"menu_order":0,"comment_status":"closed","ping_status":"closed","template":"","meta":{"footnotes":""},"_links":{"self":[{"href":"https:\/\/chrysalid.bzh\/index.php\/wp-json\/wp\/v2\/pages\/141"}],"collection":[{"href":"https:\/\/chrysalid.bzh\/index.php\/wp-json\/wp\/v2\/pages"}],"about":[{"href":"https:\/\/chrysalid.bzh\/index.php\/wp-json\/wp\/v2\/types\/page"}],"author":[{"embeddable":true,"href":"https:\/\/chrysalid.bzh\/index.php\/wp-json\/wp\/v2\/users\/1"}],"replies":[{"embeddable":true,"href":"https:\/\/chrysalid.bzh\/index.php\/wp-json\/wp\/v2\/comments?post=141"}],"version-history":[{"count":6,"href":"https:\/\/chrysalid.bzh\/index.php\/wp-json\/wp\/v2\/pages\/141\/revisions"}],"predecessor-version":[{"id":167,"href":"https:\/\/chrysalid.bzh\/index.php\/wp-json\/wp\/v2\/pages\/141\/revisions\/167"}],"wp:featuredmedia":[{"embeddable":true,"href":"https:\/\/chrysalid.bzh\/index.php\/wp-json\/wp\/v2\/media\/39"}],"wp:attachment":[{"href":"https:\/\/chrysalid.bzh\/index.php\/wp-json\/wp\/v2\/media?parent=141"}],"curies":[{"name":"wp","href":"https:\/\/api.w.org\/{rel}","templated":true}]}}